 what is 2 + 50d6?
50d8
In base 5, what is -2442002 - 111?
-2442113
In base 7, what is 33423 + 310?
34033
In base 7, what is 2042 - -12305?
14350
In base 6, what is 1512 - -2332?
4244
In base 16, what is -6 - -6c4e?
6c48
In base 11, what is -a301 + -5?
-a306
In base 3, what is -111100101202 - -2?
-111100101200
In base 2, what is 1 - 111110100001000001?
-111110100001000000
In base 12, what is 7 + 29345?
29350
In base 3, what is -2120021200210 + 2?
-2120021200201
In base 8, what is 10321 + -110?
10211
In base 13, what is 1a4 + -314?
-140
In base 15, what is -393e - -1?
-393d
In base 10, what is -84 - -223?
139
In base 6, what is -34 - 312552?
-313030
In base 14, what is c70 + -1b?
c53
In base 3, what is -1 + 10222022?
10222021
In base 4, what is 20303201 - 0?
20303201
In base 2, what is -100110 - 11101000001?
-11101100111
In base 6, what is -230401 + -52?
-230453
In base 14, what is 1360 + -c?
1352
In base 16, what is f2 - -3248?
333a
In base 15, what is 3 + 1da1d?
1da21
In base 2, what is -1111100111 - 1101001?
-10001010000
In base 6, what is 12343 - 152?
12151
In base 10, what is 2 + 999908?
999910
In base 6, what is -1125351 - 3?
-1125354
In base 15, what is 1aad37 - 0?
1aad37
In base 9, what is 4 + 1208816?
1208821
In base 4, what is -2010221 + 101?
-2010120
In base 2, what is 1110101 + 100001010?
101111111
In base 9, what is 11 + 1271?
1282
In base 4, what is -121 - -313231?
313110
In base 9, what is 1816 - -33?
1850
In base 11, what is -3a83a + 36?
-3a804
In base 11, what is -11513 + 2?
-11511
In base 8, what is -15243 + 336?
-14705
In base 5, what is 42 + 3124044?
3124141
In base 13, what is -1 - -2114a?
21149
In base 14, what is -2 - 119b39?
-119b3b
In base 10, what is -183870 + 1?
-183869
In base 2, what is -1000000 + 1011101?
11101
In base 10, what is -149 - -565?
416
In base 8, what is -65 - -231?
144
In base 5, what is -211002 + -11?
-211013
In base 13, what is 3b51 + 12?
3b63
In base 3, what is 11 + -20110200221?
-20110200210
In base 5, what is -21144 - 1041?
-22240
In base 7, what is 16 + 22514?
22533
In base 11, what is 2686681 + -4?
2686678
In base 13, what is 77c373 - 2?
77c371
In base 4, what is -3300110 + 2?
-3300102
In base 16, what is 39f - -4c5?
864
In base 16, what is de9 + -ed?
cfc
In base 11, what is 0 - -251a8?
251a8
In base 15, what is -2520 + -1e?
-253e
In base 2, what is -101000111 + -1101010110?
-10010011101
In base 10, what is 21 + 1146?
1167
In base 15, what is 1e1eb + 5?
1e201
In base 13, what is -5 + -51178c?
-511794
In base 15, what is 5d874 + 2?
5d876
In base 3, what is 11202120 - -2021?
11211211
In base 7, what is 13 - -4062?
4105
In base 6, what is -2540 + -3243?
-10223
In base 11, what is -91 + 541?
460
In base 14, what is -334b53 - 3?
-334b56
In base 15, what is 1a - a25?
-a0a
In base 5, what is -404220 + -2?
-404222
In base 16, what is -10e71 + -f?
-10e80
In base 3, what is -22201 + 100?
-22101
In base 14, what is 24 + 118c?
11b2
In base 9, what is -4 - -14570?
14565
In base 4, what is 100321110 + 2?
100321112
In base 15, what is -2 + -31104?
-31106
In base 13, what is 3 + -2197?
-2194
In base 8, what is 112 - -2431?
2543
In base 7, what is -3123 - 2165?
-5321
In base 6, what is 4425 + 12?
4441
In base 13, what is 79b80 - 5?
79b78
In base 5, what is -41010 - -10?
-41000
In base 8, what is 4 - -75746?
75752
In base 13, what is 13 + -129b?
-1288
In base 4, what is 22012122 + 2?
22012130
In base 6, what is 1102 + -211?
451
In base 16, what is -5 + 25f6c?
25f67
In base 7, what is 12521 + -453?
12035
In base 11, what is 30a2 - -11?
3103
In base 7, what is 330254 - -25?
330312
In base 7, what is 12262 - 2?
12260
In base 12, what is 2518b + 1?
25190
In base 7, what is 65366 - -44?
65443
In base 8, what is -77 - -1531?
1432
In base 7, what is -6434 + 523?
-5611
In base 10, what is 5 + 396719?
396724
In base 13, what is 20b92 - -3?
20b95
In base 16, what is 4 + -256?
-252
In base 7, what is -4364 + 43?
-4321
In base 3, what is -21001210020 - 222?
-21001211012
In base 3, what is -100 + -20021020?
-20021120
In base 16, what is -e9 + -72?
-15b
In base 7, what is 2300 - -12?
2312
In base 13, what is b36c75 - 1?
b36c74
In base 6, what is -4 - 155453?
-155501
In base 14, what is 509d - 4?
5099
In base 5, what is -3 + 32104?
32101
In base 7, what is -3562 + -40?
-3632
In base 10, what is -134 + -676?
-810
In base 11, what is 73a8 - 22?
7386
In base 6, what is 2 + 124205?
124211
In base 11, what is -21 - -4834?
4813
In base 8, what is -1761 - -2?
-1757
In base 12, what is 173a2 + 4?
173a6
In base 9, what is -6 + 275544?
275537
In base 7, what is 14 - 5362?
-5345
In base 4, what is -1103103 + -20?
-1103123
In base 9, what is 3 + 24750?
24753
In base 9, what is 18388086 - -3?
18388100
In base 12, what is -18 + 5436?
541a
In base 2, what is 10000110011 - 101001?
10000001010
In base 14, what is 13 - 2bc4?
-2bb1
In base 16, what is 4b6 - 2c?
48a
In base 15, what is 19 + a76b?
a785
In base 12, what is -2548 + 9?
-253b
In base 11, what is 19a47 + 5?
19a51
In base 14, what is 4 + -56c4?
-56c0
In base 2, what is 1010100101101011100 - -10?
1010100101101011110
In base 16, what is 83b3e + -3?
83b3b
In base 16, what is 6 + 1530?
1536
In base 15, what is -b1e7a2 - 2?
-b1e7a4
In base 6, what is 40020514 + -2?
40020512
In base 3, what is 11 + 21002200?
21002211
In base 5, what is -10 - -12040142?
12040132
In base 5, what is -43 + 30132?
30034
In base 7, what is 0 - 61235?
-61235
In base 4, what is 13111332 + -33?
13111233
In base 13, what is -4 + -2c37?
-2c3b
In base 10, what is -452 + 155?
-297
In base 10, what is 284 - 174?
110
In base 9, what is -24 + 12486?
12462
In base 13, what is -762 - 4?
-766
In base 9, what is -14148 - -68?
-14070
In base 16, what is -2 + -11cac?
-11cae
In base 6, what is 150154 + -131?
150023
In base 14, what is -690 - -1a1?
-4cd
In base 16, what is 859b - -3?
859e
In base 2, what is -11101000001001110 + 100000?
-11101000000101110
In base 10, what is 1 + 27103?
27104
In base 11, what is -30 + -12311?
-12341
In base 12, what is 6570 - -4?
6574
In base 11, what is 1 - -27017?
27018
In base 11, what is -1811 - -100?
-1711
In base 12, what is -a24a1 - -1?
-a24a0
In base 16, what is 1 + -29c5?
-29c4
In base 7, what is 65 - -140233?
140331
In base 5, what is 234020 - -10?
234030
In base 10, what is 8390 - -67?
8457
In base 12, what is -19 + -70802?
-7081b
In base 7, what is 106304 + -2?
106302
In base 12, what is -187a56 + 0?
-187a56
In base 3, what is 1200 - 200020120?
-200011220
In base 16, what is 3 - -2277?
227a
In base 2, what is 1011101010 + 10011?
1011111101
In base 6, what is 21324552 - -3?
21324555
In base 13, what is 1a736 - -b?
1a744
In base 14, what is 71307 - 4?
71303
In base 2, what is 1101100001000110111 - 0?
1101100001000110111
In base 10, what is 25 - -9259?
9284
In base 2, what is -1000101011110 + -100001?
-1000101111111
In base 16, what is -2ad6 + -be?
-2b94
In base 15, what is -3a + -25c?
-297
In base 7, what is -13453520 + 1?
-13453516
In base 14, what is 196c + -95?
18b7
In base 10, what is -5685 - -14?
-5671
In base 5, what is 10 + 2302142?
2302202
In base 14, what is -9c6a + 0?
-9c6a
In base 3, what is 211 - -10020220?
10021201
In base 6, what is -1343352 - 5?
-1343401
In base 15, what is 49e + 13?
4b2
In base 16, what is -cc + -398?
-464
In base 11, what is 1a920 + -1?
1a91a
In base 14, what is 4032 - -21?
4053
In base 11, what is -48 + 150?
103
In base 14, what is -1b - 2133c?
-21359
In base 16, what is 32d + 26?
353
In base 6, what is 1 + -354022?
-354021
In base 12, what is -13b338 + 1?
-13b337
In base 16, what is 1 + 2a53?
2a54
In base 9, what is -61326 + -1?
-61327
In base 8, what is -573 + -165?
-760
In base 5, what is 1322240 + -2?
1322233
In base 6, what is -53 - -141455?
141402
In base 9, what is 1 + -421?
-420
In base 15, what is 105d4 + -2?
105d2
In base 5, what is -1 + 40000230?
40000224
In base 8, what is 463157 - 5?
463152
In base 4, what is -103022131 + 1110?
-103021021
In base 5, what is 14234414 + 0?
14234414
In base 15, what is 17 + bb?
d3
In base 10, what is -3415 - -104?
-3311
In base 6, what is 0 + -133552?
-133552
In base 4, what is -121333231 - -11?
-121333220
In base 2, what is -1000100010011 + 10100?
-1000011111111
In base 5, what is -3 - 221431?
-221434
In base